{"id":133,"date":"2019-03-17T15:13:07","date_gmt":"2019-03-17T14:13:07","guid":{"rendered":"http:\/\/www.lacdura.fr\/?page_id=133"},"modified":"2025-11-02T18:41:13","modified_gmt":"2025-11-02T17:41:13","slug":"accueil","status":"publish","type":"page","link":"https:\/\/www.lacdura.fr\/","title":{"rendered":"Accueil"},"content":{"rendered":"\n<table>\n<tr>\n<td>\n<p><font size=\"5\">\n<figure class=\"wp-block-image is-resized\"><img loading=\"lazy\" decoding=\"async\" src=\"http:\/\/www.lacdura.fr\/wp-content\/uploads\/2022\/08\/SebFoulard-522x1024.jpg\" alt=\"\" class=\"wp-image-950\" width=\"91\" height=\"179\" srcset=\"https:\/\/www.lacdura.fr\/wp-content\/uploads\/2022\/08\/SebFoulard-522x1024.jpg 522w, https:\/\/www.lacdura.fr\/wp-content\/uploads\/2022\/08\/SebFoulard-153x300.jpg 153w, https:\/\/www.lacdura.fr\/wp-content\/uploads\/2022\/08\/SebFoulard-768x1505.jpg 768w, https:\/\/www.lacdura.fr\/wp-content\/uploads\/2022\/08\/SebFoulard.jpg 800w\" sizes=\"(max-width: 91px) 100vw, 91px\" \/><\/figure>\nS\u00e9bastien Camus <br>\nPsychologue &#8211; Identifiant RPPS : 10009172783<\/font><br>\n<br>Membre de l&#8217;Institut Fran\u00e7ais de Psychanalyse 2025-2026\n<br>Inscrit \u00e0 la Soci\u00e9t\u00e9 Psychanalytique de Paris<br>\nDipl\u00f4me Universitaire Psychologie Projective Universit\u00e9 Paris Cit\u00e9<br>\nMaster mention Bien en Psychologie \u00e0 Paris <br>\nLicence mention Bien en Psychologie \u00e0 l&#8217;Universit\u00e9 de Toulouse, option Psychologie clinique, Psychopathologie, Psychanalyse <\/td>\n<\/tr>\n\n<\/table>\n\n\n\n<p class=\"has-text-align-left\">J&#8217;exerce la profession de psychologue au sein du  Service de l&#8217;insertion par l&#8217;activit\u00e9 du Conseil d\u00e9partemental d&#8217;Eure-et-Loir.<br>J&#8217;adopte une d\u00e9marche int\u00e9grative pour les suivis psychologiques que je m\u00e8ne (Anxi\u00e9t\u00e9, angoisses, deuil compliqu\u00e9 ou pathologique, stress post-traumatique, phobies, troubles, d\u00e9pression, TOC, perte de sens, freins psychologiques&#8230;)<\/p>\n\n\n\n<ul class=\"wp-block-list\">\n<li>Psychologie existentielle, cognitive, sociale et d\u00e9veloppementale<\/li>\n\n\n\n<li>TCR&nbsp;: Th\u00e9orie des Cadres Relationnels<\/li>\n\n\n\n<li>ACT&nbsp;: Th\u00e9rapie d\u2019Acceptation et d\u2019Engagement (TCC)<\/li>\n\n\n\n<li>TPD&nbsp;: Psychoth\u00e9rapie Psychodynamique<\/li>\n\n\n\n<li>Approche psychanalytique freudienne et lacanienne<\/li>\n\n\n\n<li>Psychologie clinique&nbsp;: Tests du Rorschach et du T.A.T.<\/li>\n\n\n\n<li>\u00c9valuation de la personne &#8211; Ma\u00eetrise des tests psychom\u00e9triques&nbsp;:<br>Hexa3D, IRMR3, Neopi 3, T-Persona, e-RCC (raisonnement logique, facteur G de l\u2019intelligence)<\/li>\n\n\n\n<li>Clinique de l\u2019activit\u00e9&nbsp;:&nbsp; Soigner l\u2019activit\u00e9 pour le bien-\u00eatre des individus (m\u00e9thode du Sosie &#8211; techniques de l\u2019auto-confrontation simple et crois\u00e9e)<\/li>\n\n\n\n<li>Cr\u00e9ation d\u2019un Carnet de bord psychologique et d\u2019autres outils TCC<\/li>\n\n\n\n<li>Animation d\u2019ateliers (Estime de soi \u2013 confiance en soi, Sentiment d\u2019Efficacit\u00e9 Personnelle, mieux g\u00e9rer ses \u00c9motions)<\/li>\n<\/ul>\n","protected":false},"excerpt":{"rendered":"<p>S\u00e9bastien Camus Psychologue &#8211; Identifiant RPPS : 10009172783 Membre de l&#8217;Institut Fran\u00e7ais de Psychanalyse 2025-2026 Inscrit \u00e0 la Soci\u00e9t\u00e9 Psychanalytique de Paris Dipl\u00f4me Universitaire Psychologie Projective Universit\u00e9 Paris Cit\u00e9 Master mention Bien en Psychologie \u00e0 Paris Licence mention Bien en Psychologie \u00e0 l&#8217;Universit\u00e9 de Toulouse, option Psychologie clinique, Psychopathologie, Psychanalyse<\/p>\n","protected":false},"author":1,"featured_media":0,"parent":0,"menu_order":0,"comment_status":"closed","ping_status":"closed","template":"","meta":{"footnotes":""},"class_list":["post-133","page","type-page","status-publish","hentry"],"_links":{"self":[{"href":"https:\/\/www.lacdura.fr\/index.php?rest_route=\/wp\/v2\/pages\/133"}],"collection":[{"href":"https:\/\/www.lacdura.fr\/index.php?rest_route=\/wp\/v2\/pages"}],"about":[{"href":"https:\/\/www.lacdura.fr\/index.php?rest_route=\/wp\/v2\/types\/page"}],"author":[{"embeddable":true,"href":"https:\/\/www.lacdura.fr\/index.php?rest_route=\/wp\/v2\/users\/1"}],"replies":[{"embeddable":true,"href":"https:\/\/www.lacdura.fr\/index.php?rest_route=%2Fwp%2Fv2%2Fcomments&post=133"}],"version-history":[{"count":145,"href":"https:\/\/www.lacdura.fr\/index.php?rest_route=\/wp\/v2\/pages\/133\/revisions"}],"predecessor-version":[{"id":1138,"href":"https:\/\/www.lacdura.fr\/index.php?rest_route=\/wp\/v2\/pages\/133\/revisions\/1138"}],"wp:attachment":[{"href":"https:\/\/www.lacdura.fr\/index.php?rest_route=%2Fwp%2Fv2%2Fmedia&parent=133"}],"curies":[{"name":"wp","href":"https:\/\/api.w.org\/{rel}","templated":true}]}}